{"id":195,"date":"2019-01-09T12:28:19","date_gmt":"2019-01-09T12:28:19","guid":{"rendered":"https:\/\/expotryck.se\/produkter\/?page_id=195"},"modified":"2023-10-03T19:51:51","modified_gmt":"2023-10-03T19:51:51","slug":"transportskador","status":"publish","type":"page","link":"https:\/\/expotryck.se\/produkter\/transportskador\/","title":{"rendered":"Transportskador"},"content":{"rendered":"<h1 style=\"text-align: center;\">Transportskador<\/h1>\n<p style=\"text-align: center;\"><em>F\u00f6ljder av\u00a0<a href=\"https:\/\/expotryck.se\/produkter\/villkor-information\/\">K\u00f6pvillkor<\/a><\/em><\/p>\n<p>\u00a0<\/p>\n<p>Om du m\u00e4rker att n\u00e5gon kartong \u00e4r eller ser skadad ut s\u00e5 \u00e4r det viktigt att du g\u00f6r en anm\u00e4lan direkt till personen som levererar. Chauff\u00f6ren ska d\u00e5 g\u00f6ra en anm\u00e4lan\/notering om detta innan ni skriver p\u00e5 mottagandet. Anm\u00e4ls inte det skadade godset vid leveranstillf\u00e4llet \u00e4r det sv\u00e5rt att f\u00e5 ers\u00e4ttning eller kompensation i efterhand av spedit\u00f6ren. Du som best\u00e4llare \u00e4r ansvarig f\u00f6r att anm\u00e4la eventuella skador p\u00e5 godset till chauff\u00f6ren\/spedit\u00f6ren. Om ni inte kan komma till en \u00f6verenskommelse med spedit\u00f6ren s\u00e5 kontaktar ni oss snarast och g\u00f6rs oss medvetna om situationen. Vi ansvarar dock inte f\u00f6r eventuella transportskador och vi driver \u00e4ven inga ers\u00e4ttnings\u00e4renden i kunds namn.<\/p>\n<p><strong>Transportskador skall anm\u00e4las till chauff\u00f6ren direkt vid leverans !<\/strong><\/p>\n","protected":false},"excerpt":{"rendered":"<p>Transportskador F\u00f6ljder av\u00a0K\u00f6pvillkor \u00a0 Om du m\u00e4rker att n\u00e5gon kartong \u00e4r eller ser skadad ut s\u00e5 \u00e4r det viktigt att du g\u00f6r en anm\u00e4lan direkt till personen som levererar. Chauff\u00f6ren ska d\u00e5 g\u00f6ra en anm\u00e4lan\/notering om detta innan ni skriver p\u00e5 mottagandet. Anm\u00e4ls inte det skadade godset vid leveranstillf\u00e4llet \u00e4r det sv\u00e5rt att f\u00e5 ers\u00e4ttning&#8230;<\/p>\n","protected":false},"author":1,"featured_media":0,"parent":0,"menu_order":8,"comment_status":"closed","ping_status":"closed","template":"","meta":{"footnotes":""},"_links":{"self":[{"href":"https:\/\/expotryck.se\/produkter\/wp-json\/wp\/v2\/pages\/195"}],"collection":[{"href":"https:\/\/expotryck.se\/produkter\/wp-json\/wp\/v2\/pages"}],"about":[{"href":"https:\/\/expotryck.se\/produkter\/wp-json\/wp\/v2\/types\/page"}],"author":[{"embeddable":true,"href":"https:\/\/expotryck.se\/produkter\/wp-json\/wp\/v2\/users\/1"}],"replies":[{"embeddable":true,"href":"https:\/\/expotryck.se\/produkter\/wp-json\/wp\/v2\/comments?post=195"}],"version-history":[{"count":0,"href":"https:\/\/expotryck.se\/produkter\/wp-json\/wp\/v2\/pages\/195\/revisions"}],"wp:attachment":[{"href":"https:\/\/expotryck.se\/produkter\/wp-json\/wp\/v2\/media?parent=195"}],"curies":[{"name":"wp","href":"https:\/\/api.w.org\/{rel}","templated":true}]}}