{"id":5338,"date":"2019-01-10T10:20:03","date_gmt":"2019-01-10T10:20:03","guid":{"rendered":"https:\/\/expotryck.se\/produkter\/?page_id=5338"},"modified":"2023-10-03T19:51:47","modified_gmt":"2023-10-03T19:51:47","slug":"betalningsalternativ","status":"publish","type":"page","link":"https:\/\/expotryck.se\/produkter\/betalningsalternativ\/","title":{"rendered":"Betalningsalternativ"},"content":{"rendered":"<header>\n<h1 style=\"text-align: center;\">Betalningsalternativ<\/h1>\n<\/header>\n<p>\u00a0<\/p>\n<p>Alla priser \u00e4r dagsaktuella och kan komma att \u00e4ndras i framtiden. <br \/>Individuellt och aktuellt totalpris f\u00f6r din best\u00e4llning summeras i kassan, inklusive eventuella avgifter f\u00f6r frakt och betalning, samt moms.<\/p>\n<p>Vi erbjuder f\u00f6ljande betals\u00e4tt:<\/p>\n<ul>\n<li>Kort | Stripe Betalnings-gateway (B2C &amp; B2B)<\/li>\n<li>Faktura | F\u00f6retag (B2B)<\/li>\n<li>E-faktura | Myndighet \/ Offentliga Sektorn<\/li>\n<\/ul>\n<p><span style=\"font-size: 75%;\"><em>Reservation f\u00f6r tekniskt fel som kan p\u00e5verka pris.<\/em><\/span><\/p>\n","protected":false},"excerpt":{"rendered":"<p>Betalningsalternativ \u00a0 Alla priser \u00e4r dagsaktuella och kan komma att \u00e4ndras i framtiden. Individuellt och aktuellt totalpris f\u00f6r din best\u00e4llning summeras i kassan, inklusive eventuella avgifter f\u00f6r frakt och betalning, samt moms. Vi erbjuder f\u00f6ljande betals\u00e4tt: Kort | Stripe Betalnings-gateway (B2C &amp; B2B) Faktura | F\u00f6retag (B2B) E-faktura | Myndighet \/ Offentliga Sektorn Reservation f\u00f6r&#8230;<\/p>\n","protected":false},"author":1,"featured_media":0,"parent":0,"menu_order":12,"comment_status":"closed","ping_status":"closed","template":"","meta":{"footnotes":""},"_links":{"self":[{"href":"https:\/\/expotryck.se\/produkter\/wp-json\/wp\/v2\/pages\/5338"}],"collection":[{"href":"https:\/\/expotryck.se\/produkter\/wp-json\/wp\/v2\/pages"}],"about":[{"href":"https:\/\/expotryck.se\/produkter\/wp-json\/wp\/v2\/types\/page"}],"author":[{"embeddable":true,"href":"https:\/\/expotryck.se\/produkter\/wp-json\/wp\/v2\/users\/1"}],"replies":[{"embeddable":true,"href":"https:\/\/expotryck.se\/produkter\/wp-json\/wp\/v2\/comments?post=5338"}],"version-history":[{"count":0,"href":"https:\/\/expotryck.se\/produkter\/wp-json\/wp\/v2\/pages\/5338\/revisions"}],"wp:attachment":[{"href":"https:\/\/expotryck.se\/produkter\/wp-json\/wp\/v2\/media?parent=5338"}],"curies":[{"name":"wp","href":"https:\/\/api.w.org\/{rel}","templated":true}]}}